illions digit of 29038236?
9
What is the thousands digit of 212585076?
5
What is the thousands digit of 157163350?
3
What is the hundred thousands digit of 148762877?
7
What is the hundreds digit of 7471279?
2
What is the tens digit of 533049767?
6
What is the ten millions digit of 5786977851?
8
What is the ten thousands digit of 8445312?
4
What is the tens digit of 33343401?
0
What is the thousands digit of 72482050?
2
What is the hundreds digit of 4469426403?
4
What is the hundred millions digit of 295796327?
2
What is the hundreds digit of 58860202?
2
What is the millions digit of 96743312?
6
What is the ten millions digit of 3324001762?
2
What is the ten thousands digit of 4251974005?
7
What is the millions digit of 33511162?
3
What is the hundred thousands digit of 437382082?
3
What is the hundred thousands digit of 232489514?
4
What is the hundred millions digit of 455495172?
4
What is the tens digit of 541765762?
6
What is the hundred millions digit of 144631880?
1
What is the hundred millions digit of 7937413118?
9
What is the ten thousands digit of 287282691?
8
What is the ten thousands digit of 73409993?
0
What is the thousands digit of 1320993018?
3
What is the units digit of 48750923?
3
What is the units digit of 22549290?
0
What is the billions digit of 1504665070?
1
What is the units digit of 842041268?
8
What is the millions digit of 28857950?
8
What is the millions digit of 1141183174?
1
What is the thousands digit of 30042527?
2
What is the tens digit of 33421801?
0
What is the thousands digit of 724882719?
2
What is the ten millions digit of 22974142?
2
What is the ten thousands digit of 698001497?
0
What is the hundreds digit of 17108402?
4
What is the tens digit of 1381188616?
1
What is the units digit of 2097847373?
3
What is the millions digit of 561479616?
1
What is the hundreds digit of 441797907?
9
What is the thousands digit of 510450374?
0
What is the hundreds digit of 514770026?
0
What is the tens digit of 146412990?
9
What is the thousands digit of 2549648067?
8
What is the ten millions digit of 10453439?
1
What is the thousands digit of 870140776?
0
What is the hundreds digit of 39755187?
1
What is the billions digit of 4483995762?
4
What is the ten millions digit of 36972898?
3
What is the tens digit of 2418139244?
4
What is the millions digit of 3863914543?
3
What is the billions digit of 1621036529?
1
What is the ten millions digit of 336250969?
3
What is the thousands digit of 1489868721?
8
What is the millions digit of 193894142?
3
What is the tens digit of 135678578?
7
What is the hundreds digit of 109395256?
2
What is the hundreds digit of 6188754468?
4
What is the ten thousands digit of 5119927599?
2
What is the ten thousands digit of 260535752?
3
What is the hundreds digit of 66004494?
4
What is the ten millions digit of 1698521489?
9
What is the ten thousands digit of 1978880779?
8
What is the units digit of 6418150178?
8
What is the hundreds digit of 176794951?
9
What is the tens digit of 10965765?
6
What is the hundreds digit of 97049126?
1
What is the thousands digit of 27358965?
8
What is the millions digit of 10309303?
0
What is the hundred thousands digit of 965626024?
6
What is the ten millions digit of 10186614?
1
What is the ten thousands digit of 768867949?
6
What is the tens digit of 1184791462?
6
What is the hundred millions digit of 191493579?
1
What is the hundred millions digit of 106740630?
1
What is the ten millions digit of 130294874?
3
What is the units digit of 92845300?
0
What is the millions digit of 1294274385?
4
What is the ten thousands digit of 75148241?
4
What is the ten millions digit of 754838380?
5
What is the units digit of 7159304?
4
What is the thousands digit of 20225292?
5
What is the hundred thousands digit of 79957079?
9
What is the hundreds digit of 518419623?
6
What is the hundreds digit of 2916978488?
4
What is the hundreds digit of 96724942?
9
What is the hundreds digit of 655789711?
7
What is the hundred millions digit of 267455469?
2
What is the hundred millions digit of 1353513754?
3
What is the tens digit of 545917738?
3
What is the ten thousands digit of 36874458?
7
What is the hundreds digit of 2983690514?
5
What is the units digit of 1732674886?
6
What is the thousands digit of 1401773816?
3
What is the hundreds digit of 473925815?
8
What is the ten millions digit of 481335261?
8
What is the ten millions digit of 155224679?
5
What is the hundred thousands digit of 4566579478?
5
What is the hundred millions digit of 249595158?
2
What is the units digit of 47958748?
8
What is the units digit of 701014751?
1
What is the units digit of 812681422?
2
What is the ten millions digit of 130715651?
3
What is the hundreds digit of 4816820314?
3
What is the millions digit of 17148974?
7
What is the hundred thousands digit of 136935905?
9
What is the ten millions digit of 2319336356?
1
What is the tens digit of 6456773?
7
What is the tens digit of 879922673?
7
What is the hundred millions digit of 2369141644?
3
What is the hundred thousands digit of 57168776?
1
What is the units digit of 1418555142?
2
What is the millions digit of 54510086?
4
What is the ten thousands digit of 517091963?
9
What is the tens digit of 28516781?
8
What is the units digit of 359989494?
4
What is the tens digit of 172799071?
7
What is the hundreds digit of 538486969?
9
What is the ten millions digit of 37667910?
3
What is the ten thousands digit of 3194312509?
1
What is the ten millions digit of 2601363592?
0
What is the hundred millions digit of 4435034679?
4
What is the tens digit of 1117512365?
6
What is the tens digit of 2237485388?
8
What is the millions digit of 40010097?
0
What is the hundreds digit of 55220759?
7
What is the tens digit of 88274528?
2
What is the billions digit of 1270469546?
1
What is the hundred thousands digit of 263555714?
5
What is the ten thousands digit of 62224756?
2
What is the thousands digit of 798052077?
2
What is the hundred thousands digit of 44418068?
4
What is the units digit of 3606268323?
3
What is the tens digit of 32879210?
1
What is the hundred thousands digit of 39000694?
0
What is the units digit of 538782992?
2
What is the millions digit of 2566637217?
6
What is the units digit of 7861992464?
4
What is the hundred millions digit of 856856006?
8
What is the ten millions digit of 810672049?
1
What is the ten millions digit of 688479274?
8
What is the tens digit of 4155583037?
3
What is the billions digit of 3163313964?
3
What is the hundreds digit of 16534648?
6
What is the units digit of 74980879?
9
What is the tens digit of 1789354846?
4
What is the units digit of 13878836?
6
What is the hundred thousands digit of 1327019166?
0
What is the hundreds digit of 478752166?
1
What is the hundred thousands digit of 2517187595?
1
What is the hundred millions digit of 235453976?
2
What is the ten thousands digit of 1795721286?
2
What is the hundreds digit of 587593386?
3
What is the hundred millions digit of 1556867073?
5
What is the units digit of 39181815?
5
What is the thousands digit of 8034302?
4
What is the hundred thousands digit of 157483141?
4
What is the thousands digit of 5227203715?
3
What is the ten millions digit of 98888455?
9
What is the ten thousands digit of 6013181743?
8
What is the hundreds digit of 1248893110?
1
What is the hundreds digit of 967104320?
3
What is the ten millions digit of 743577682?
4
What is the hundred thousands digit of 5484147681?
1
What is the tens digit of 3528437634?
3
What is the units digit of 919567820?
0
What is the units digit of 1473842207?
7
What is the millions digit of 5377883316?
7
What is the units digit of 6557379864?
4
What is the ten millions digit of 212904203?
1
What is the thousands digit of 545213405?
3
What is the hundreds digit of 2271819598?
5
What is the hundreds digit of 41469770?
7
What is the units digit of 842075773?
3
What is the hundred millions digit of 589400735?
5
What is the units digit of 192476184?
4
What is the hundred thousands digit of 871835575?
8
What is the ten millions digit of 110502842?
1
What is the tens digit of 1633189018?
1
What is the ten millions digit of 520977662?
2
What is the millions digit of 2802914049?
2
What is the tens digit of 100136083?
8
What is 